v**3 - 9*v**2 + 27*v - 19. Calculate m(-10).
-189
Let p(t) = 19*t + 692. What is p(-37)?
-11
Let j(t) = -4*t**2 - 353*t - 136. Give j(-87).
299
Let u(x) = -x**2 - 93*x - 1164. Determine u(-78).
6
Let x(h) = -h**2 + 3*h + 34. Give x(-7).
-36
Let m(i) = -i**3 - 90*i**2 - 867*i + 150. Determine m(-79).
-8
Let b(i) = i**2 + 325*i + 1934. Give b(-6).
20
Let f(n) = -3*n**2 + 62*n - 191. Calculate f(16).
33
Let l(i) = -117*i + 243. Calculate l(5).
-342
Let s(x) = -2*x**3 - 11*x**2 - 11*x - 21. Determine s(-4).
-25
Let t(f) = 5*f**3 - 4*f**2 + f - 2. Give t(1).
0
Let q(n) = n**2 - 131*n + 3709. What is q(89)?
-29
Let t(c) = 587*c - 5895. Determine t(10).
-25
Let t(g) = g**3 + 29*g**2 - 191*g - 714. Determine t(-34).
0
Let n(z) = 331*z - 1032. Give n(3).
-39
Let q(h) = -h**3 + 45*h**2 - 46*h - 1660. What is q(43)?
60
Let z(g) = -186*g - 1319. What is z(-7)?
-17
Let a(r) = 50*r + 88. Give a(-4).
-112
Let m(g) = 354*g**2 + 4*g - 6. Determine m(0).
-6
Let s(k) = 1069*k + 8546. Determine s(-8).
-6
Let a(c) = -9*c**3 - 6*c**2 + 3*c - 298. Determine a(0).
-298
Let q(v) = 15*v**3 + 3*v - 2. What is q(1)?
16
Let k(z) = -443*z + 794. Calculate k(2).
-92
Let y(w) = -2724*w + 16316. Calculate y(6).
-28
Let h(g) = -11*g + 342. Give h(23).
89
Let h(g) = g**3 - 10*g**2 + 17*g - 143. Calculate h(10).
27
Let n(u) = -u**3 + 55*u**2 + 147*u - 1880. Give n(57).
1
Let a(f) = f**3 - 23*f**2 + 114*f - 45. Determine a(16).
-13
Let m(i) = 22*i + 84. Determine m(-12).
-180
Let g(w) = -w**3 - 7*w**2 - 48*w + 31. What is g(-5)?
221
Let h(r) = r**3 - 12*r**2 - 27*r + 216. Give h(6).
-162
Let l(a) = 12*a - 140. Calculate l(-7).
-224
Let h(s) = s**3 + 136*s**2 + 556*s + 116. Calculate h(-4).
4
Let i(l) = -4*l**2 + 103*l - 369. Calculate i(5).
46
Let q(h) = -98*h + 751. Determine q(10).
-229
Let a(v) = -69*v - 2417. Determine a(-43).
550
Let q(w) = -4*w**3 + 3*w**2 + w. Determine q(2).
-18
Let a(l) = -2*l**3 - 12*l**2 + 17*l - 5. Determine a(-8).
115
Let b(m) = 34*m**2 + 51*m - 14. What is b(4)?
734
Let l(i) = 5*i**2 - 63*i + 42. Give l(13).
68
Let m(j) = 1282*j + 8977. Calculate m(-7).
3
Let b(q) = q**3 + 12*q**2 - 6*q + 4. What is b(3)?
121
Let h(r) = -206*r - 5344. Determine h(-26).
12
Let h(b) = -2*b**2 + 19*b + 105. Calculate h(-4).
-3
Let y(m) = m**3 + 21*m**2 + 71*m - 139. What is y(-16)?
5
Let x(w) = 504*w**2 + 216*w + 218. Give x(-1).
506
Let z(k) = 190*k + 3381. Determine z(-18).
-39
Let i(x) = -2329*x**2 - 16302*x + 1. Determine i(-7).
-6
Let b(w) = 3*w**2 - 113*w - 726. Determine b(-7).
212
Let o(x) = 29*x - 191. Calculate o(9).
70
Let q(v) = 6*v**2 - 12*v - 736. Calculate q(-10).
-16
Let l(g) = 3*g**2 + 58*g + 89. Give l(-18).
17
Let v(n) = -n**3 - 23*n**2 - 137*n - 86. Determine v(-13).
5
Let v(g) = -220*g + 2304. Give v(10).
104
Let n(t) = 10*t - 728. What is n(75)?
22
Let a(y) = -21*y - 174. Determine a(-13).
99
Let y(g) = 57*g + 1667. Determine y(-30).
-43
Let j(m) = -105*m - 1480. Determine j(-14).
-10
Let p(u) = -6*u**3 + 36*u**2 + 8*u - 16. Calculate p(7).
-254
Let k(o) = o**2 + 36*o + 326. Calculate k(-23).
27
Let b(i) = 15*i - 347. Determine b(47).
358
Let k(q) = -134*q - 32. Determine k(-1).
102
Let w(y) = -y**3 - 29*y**2 - 54*y - 13. Give w(-27).
-13
Let t(d) = -4030*d + 8074. Calculate t(2).
14
Let j(u) = -2*u**3 - 54*u**2 - 344*u - 11. Determine j(-17).
57
Let s(c) = -9*c**2 - 71*c + 31. Calculate s(-8).
23
Let w(r) = -3895*r**2 + 3899*r. Calculate w(1).
4
Let i(t) = -635*t + 1278. Calculate i(2).
8
Let m(v) = 5*v**2 - 49*v + 38. Give m(11).
104
Let g(z) = z**2 - 12*z - 2074. Determine g(-40).
6
Let h(g) = 3*g**2 - 108*g + 857. Determine h(12).
-7
Let h(g) = 14*g - 258. What is h(12)?
-90
Let o(t) = -13*t - 675. Calculate o(-51).
-12
Let c(v) = -v**3 - 11*v**2 + 2*v + 9. What is c(-10)?
-111
Let l(f) = f**2 - 30*f - 58. What is l(21)?
-247
Let b(l) = 60*l + 1051. Calculate b(-14).
211
Let h(s) = -10*s**2 - 56*s - 3. What is h(-3)?
75
Let u(w) = w**3 - 51*w**2 + 61*w - 120. What is u(50)?
430
Let t(w) = -w**2 - 316*w - 23870. Calculate t(-125).
5
Let i(g) = 30*g**2 + 13*g - 1. Give i(-2).
93
Let c(q) = 39*q - 1096. Give c(36).
308
Let n(k) = 7*k - 42. Determine n(25).
133
Let z(j) = -j**2 + 38*j + 375. Determine z(-9).
-48
Let r(i) = -98*i**2 - 5*i - 12. Determine r(3).
-909
Let l(j) = -j**3 - 14*j**2 + 75. What is l(-14)?
75
Let p(y) = -2*y**3 - 16*y**2 + 13*y - 52. Determine p(-9).
-7
Let v(w) = -w**3 + 24*w**2 + 6*w + 28. What is v(24)?
172
Let r(m) = 29*m + 236. Give r(-11).
-83
Let y(s) = -142*s - 789. Calculate y(-8).
347
Let c(n) = -23*n - 69. Calculate c(-12).
207
Let n(j) = -25*j - 88. What is n(5)?
-213
Let d(w) = w**3 + 24*w**2 + 9*w + 80. Calculate d(-24).
-136
Let v(j) = 566*j + 5664. Calculate v(-10).
4
Let d(l) = 3*l**2 + 120*l - 1002. What is d(7)?
-15
Let t(k) = k**3 + 44*k**2 - 247*k - 99. What is t(-49)?
-1
Let a(j) = -769*j - 4611. Calculate a(-6).
3
Let d(h) = h**3 - 15*h**2 + 23*h - 36. Calculate d(14).
90
Let f(m) = -263*m**3 + 3*m - 1. Calculate f(1).
-261
Let w(y) = y**2 + 78*y - 776. Determine w(9).
7
Let v(f) = f**3 + 173*f**2 - 15*f - 2604. Calculate v(-173).
-9
Let u(f) = -f**2 + 12*f - 237. Give u(13).
-250
Let u(p) = -10*p**3 - 87*p**2 + 27*p + 61. Give u(1).
-9
Let n(t) = -10*t**2 + 124*t - 9. Give n(12).
39
Let a(i) = -i**3 - 6*i**2 + 8*i - 1. What is a(-7)?
-8
Let j(k) = -k**3 + 11*k**2 - 29*k + 14. Give j(8).
-26
Let g(f) = f**3 + 16*f**2 + 46*f - 115. Determine g(-7).
4
Let k(o) = o**2 - 269*o - 99. Determine k(0).
-99
Let d(v) = 2*v**2 + 80*v + 117. Give d(-39).
39
Let i(r) = -r**2 + 13*r + 49. What is i(23)?
-181
Let t(f) = 249*f - 1487. Give t(6).
7
Let p(w) = w**3 + 19*w**2 + 3*w + 65. Determine p(-19).
8
Let j(a) = -18*a**2 - 757*a - 30. Determine j(-42).
12
Let d(w) = w**2 - 36*w - 226. What is d(41)?
-21
Let p(v) = -9*v**2 - 2*v - 14. Determine p(-3).
-89
Let s(r) = 7*r**3 + 10*r**2 + 20*r + 8. Determine s(-3).
-151
Let l(o) = 200*o - 1000. Give l(5).
0
Let j(m) = -429*m + 92220. Give j(215).
-15
Let r(c) = 3*c**3 - 19*c**2 - 4*c - 165. Give r(8).
123
Let f(r) = 13*r - 48. What is f(18)?
186
Let s(u) = 4983*u - 64783. What is s(13)?
-4
Let d(b) = 3*b**2 - 7*b + 111. Calculate d(10).
341
Let x(r) = -r**3 - 39*r**2 + 82*r - 68. Determine x(-41).
-68
Let f(c) = 297*c + 2. Give f(0).
2
Let p(r) = -42*r - 844. What is p(-20)?
-4
Let i(q) = -13*q**3 - 6*q**2 + 4*q + 2. What is i(3)?
-391
Let o(x) = -9*x + 75. Calculate o(0).
75
Let v(t) = t**2 - 29*t + 126. Determine v(26).
48
Let z(h) = -h**3 + 105*h**2 + 436*h. Give z(109).
0
Let c(x) = -x**2 + 450*x - 1330. What is c(3)?
11
Let f(z) = 164*z - 28371. What is f(173)?
1
Let i(b) = -15*b**2 - 211*b - 8. What is i(-14)?
6
Let t(y) = -y**3 + 34*y**2 - 267*y + 323. Give t(23).
1
Let p(c) = -46*c**2 - 27*c - 14. Calculate p(5).
-1299
Let l(m) = 4*m**2 - 208*m. Determine l(52).
0
Let u(z) = -50*z**3 + 8*z**2 + z. Calculate u(-1).
57
Let l(n) = -n**2 + 3*n + 158. Give l(-9).
50
Let b(p) = 155*p + 2028. Give b(-13).
13
Let u(b) = -17*b**3 - 5*b**2 + 2*b + 13. Determine u(-2).
125
Let y(d) = -2*d**2 + 64*d - 13. Give y(33).
-79
Let v(b) = 2*b**2 + 18*b - 34. Give v(-8).
-50
Let x(q) = -q**2 + 124*q - 3715. What is x(76)?
-67
Let b(n) = 18*n - 317. Calculate b(17).
-11
Let a(h) = h**2 - 14*h - 125. Give a(27).
226
Let v(g) = -g**2 + 50*g - 299. What is v(42)?
37
Let k(m) = -4*m**2 - 35*m - 7. Determine k(-9).
-16
Let j(l) = 232*l + 5. Determine j(0).
5
Let c(z) = 3*z - 6. What is c(35)?
99
Let s(x) = 42*x**2 + 4*x + 13. What is s(-2)?
173
Let a(z) = -56*z**2 + 476*z - 475. What is a(1)?
-55
Let c(m) = 4*m**2 - 42*m + 10. Determine c(11).
32
Let a(f) = 6*f**3 - 48*f**2 + 58. Determine a(8).
58
Let b(k) = k**2 + 55*k - 143. What is b(-57)?
-29
Let a(h) = -h**2 + 1097*h - 6530. Give a(6).
16
Let v(r) = 113*r + 13. Determine v(0).
13
Let u(b) = b**2 - 811*b + 7200. Calculate u(9).
-18
Let z(q) = q**3 - 83*q**2 - 345*q - 266. Calculate z(87).
-5
Let d(t) = 29*t**2 + 6871*t - 476. Calculate d(-237).
-2
Let n(l) = -4*l**3 - 41*l**2 - 77*l - 41. What is n(-8)?
-1
Let i(l) = 78*l - 1271. Determine i(16).
-23
Let u(v) = -v**2 + 18*v - 59. Give u(8).
21
Let d(i) = 3*i - 26. Give d(-24).
-98
Let n(g) = -g**2 + 132*g + 1733. Determine n(-12).
5
Let v(c) = -c**2 - 18*c - 209. What is v(-7)?